u = -4514 + 5300. What is the greatest common divisor of u and 8?
2
Suppose 8*n = 3*n + 100. Suppose 2*j + 20 = 7*j. Let x(z) = 5*z**2 + z - 4. Let s be x(j). Calculate the greatest common divisor of s and n.
20
Let m(l) = -l**3 - 11*l**2 - 5*l - 34. Let a be m(-11). Suppose -2 = -i, 2*i = 5*z - 76 + 5. What is the greatest common factor of a and z?
3
Let g = -941 + 943. Let a(w) = 672*w**2. Let s be a(-1). Suppose -9*c + g*c = -s. What is the greatest common factor of 32 and c?
32
Suppose 37*g = 57*g - 300. Suppose 5*b - 23 - 135 = 4*j, 5*j - 80 = -3*b. Calculate the greatest common divisor of g and b.
15
Suppose 1218 = -19*c + 5*c. Let p = -86 - c. What is the greatest common factor of p and 1?
1
Suppose 4*q - 98 = 2*f + 186, -2*q = -5*f - 110. Let p(z) = 4*z**3 - 4*z**2 + z. Let o be p(3). What is the highest common factor of q and o?
75
Let z(p) = -30*p**2 - 22*p**2 + 52 + 51*p**2. Let t be z(6). What is the greatest common divisor of t and 2?
2
Suppose -3*w - 10*y + 15*y + 2041 = 0, -5*y = 5*w - 3335. Suppose -f = -8 - 40. What is the highest common factor of w and f?
48
Let j = -3462 + 3492. Suppose -3*f + 3 = 0, -m - f + 147 = -4*f. Calculate the highest common divisor of j and m.
30
Suppose 22*z + 3*z - 8040 = 5610. Calculate the greatest common factor of z and 4602.
78
Let g(s) = 14 - 2*s**3 + 2*s - 43 + 18 - 16*s**2 + 5. Let t be g(-10). Calculate the greatest common factor of 34 and t.
34
Let s be (9 - (-374)/(-22))*(-161 - 3). What is the highest common divisor of s and 352?
32
Suppose -27 = -3*g - 3. Suppose 395 = -g*w + 2243. Calculate the greatest common divisor of 66 and w.
33
Let u be 2109/37 - (-5 + (2 - 0)). Let j = 71 - 51. What is the greatest common factor of u and j?
20
Let s = -21719 + 37330. What is the highest common factor of 67 and s?
67
Let b = -21 + 23. Suppose 0 = b*c + 3*l + 45, c + 14 = 2*l + 2. Let z be 3/c - (-409)/6. Calculate the greatest common factor of z and 170.
34
Suppose -592*a = -596*a + 56. Let q = 10 - 4. Suppose 0 = -g + q*g - 770. What is the highest common factor of a and g?
14
Let k(w) = -138*w - 2733. Let f be k(-21). Calculate the highest common factor of 375 and f.
15
Let r = -158 + 165. Let a be 27/(-33) - 2/11. Let k be (-14)/((1 + 1)*a). What is the greatest common divisor of k and r?
7
Let k = -171 - -776. Let d be (-1647)/2745 + (-1106)/(-4)*2/5. What is the highest common factor of d and k?
55
Let s(b) = -137*b - 808. Let y be s(-6). Suppose -2*x = -d + 23 + 25, -2*x = -4*d + 216. What is the greatest common divisor of y and d?
14
Let k(j) = -9*j**3 + 38*j**2 - 34*j - 30. Let d be k(-8). Calculate the highest common factor of 22 and d.
22
Suppose 78*k - 72*k = 36. Let c be -1*(12 - -2)*-1. Let w be (-24)/c*(-21)/6. Calculate the highest common factor of k and w.
6
Let g(j) = -4 - 2 + 9 + 12 - j. Let h be g(7). Let q = 59 - 27. What is the highest common factor of q and h?
8
Let z be (19/(-38) - (3 - 1))*(-48)/30. What is the highest common factor of z and 7?
1
Let b be 128*2*(2 - 1). Let x(i) = 4*i**2 + 331*i + 1217. Let j be x(-79). What is the highest common factor of j and b?
32
Suppose -51*n + 31818 + 3904 = -10688. What is the greatest common factor of 26 and n?
26
Suppose 3*q + 317 = 341. Calculate the greatest common factor of q and 386.
2
Suppose -173 = -3*g - j + 5, 3*j = -3*g + 174. What is the highest common divisor of 400 and g?
20
Let v be 1644/(-2)*3 - (-20)/(-5). Let j be v/195*3/(-1). What is the greatest common factor of j and 608?
38
Let k(g) = g**3 - 9*g**2 + 2*g - 8. Let z be k(9). Let c be 1*(-16)/6*270/36. Let v be (c/7)/(16/(-616)). Calculate the highest common divisor of z and v.
10
Suppose -5 - 7 = 4*g, -4*n + 2*g + 14 = 0. Let r be 156/260*10/n. Suppose 71 = 5*u - 4*l, 3*l - 31 = -5*u + 47. What is the highest common factor of u and r?
3
Let y(c) = 3*c - 9. Let r be y(6). Suppose 11*k - r*k + 3 = -5*a, 6 = 4*k - 2*a. What is the highest common divisor of k and 7?
1
Suppose -4*h = -139 - 98 + 29. What is the greatest common factor of 20 and h?
4
Let s(n) = 56*n**2 + 8*n - 115. Let u be s(-11). What is the greatest common factor of u and 84?
21
Let r be 6/(48*(-32)/(-23552)). Suppose -c + 59 = -56. What is the highest common factor of c and r?
23
Suppose 7 = 9*n - 20. Let s be 0 + 6/(2 + 4). What is the greatest common factor of s and n?
1
Suppose 3*a = 49*a - 78016. Calculate the greatest common factor of 128 and a.
32
Let u be 7 + -1 + (-16 - -19 - -2). What is the highest common divisor of 253 and u?
11
Let p(b) = 75*b**2 + 244*b - 3700. Let a be p(16). Calculate the highest common divisor of 126 and a.
126
Suppose 0 = -4*q + 2*p + 32, 13*p - 14 = -3*q + 17*p. Suppose 17 + 163 = q*j. What is the highest common factor of 99 and j?
9
Suppose -n + 33603 = -3*c, -19*n + 22*n = -4*c + 100744. Calculate the highest common divisor of n and 24.
12
Let o be (-20)/8 + (-9455)/(-2). What is the highest common divisor of o and 700?
175
Suppose 202 + 295 - 89 = 17*i. What is the greatest common factor of 1524 and i?
12
Let v(b) = -8*b**3 + 4*b**2 - 3*b. Let u be v(2). Let i = 81 + u. Suppose 0 = 5*p - 5, 5*m + 3*p - 14 = 19. Calculate the highest common divisor of m and i.
3
Let x(k) = 2*k**2 + 13*k - 11. Let q be x(-8). Suppose 5*v - 3 = -q. Let i(f) = 9*f**2 - f - 2. Let s be i(v). What is the highest common factor of 24 and s?
12
Suppose 5*k = -3*b + 66085, 0 = -2*b + 2*k + k + 44082. What is the highest common factor of b and 39?
39
Let d be (-6)/(-4) - 1/(-2) - 3. Let z(p) = 210*p + 6. Let k be z(d). Let b be (-5)/(-10)*(-2)/2*k. Calculate the highest common divisor of 68 and b.
34
Let o be 1148/18 + (-2)/(-9). Let j = 626409 + -626361. Calculate the highest common factor of j and o.
16
Suppose 200 = 8*a - 1136. Let m = a - 104. What is the highest common factor of 18 and m?
9
Let x be 24 + 5 - 24 - 44/(-2). Calculate the highest common divisor of 6957 and x.
9
Let u(a) = 8*a**2 - 144*a + 2203. Let r be u(14). Calculate the highest common factor of r and 650.
65
Let b be -6*(-2 - 2/(-2)). Let a be b/((-6)/(-3)) + 9. Let z be (1 + 0)/((-11)/(-660)). Calculate the greatest common factor of a and z.
12
Let n = -287 + 315. What is the highest common factor of 301 and n?
7
Let z = -419 - -419. Let g be z*1/(-2) - (-12 - -9). Let c be ((-9)/4)/((-2)/8). Calculate the greatest common divisor of c and g.
3
Let z = 8224 + -5469. Calculate the highest common factor of 1160 and z.
145
Let g = 116 - 77. Let d be (6/(-12)*18 + -43)*-4. Calculate the greatest common divisor of g and d.
13
Suppose -4*y = -2*x + 6, 3*y - 265 = 3*x - 280. Calculate the greatest common factor of x and 4333.
7
Suppose 0 = k - 5*g - 69, 0*k - 2*g + 104 = k. Let d be ((-42)/(-28))/(1/k). What is the highest common divisor of 3 and d?
3
Let c = 26555 + -24131. Calculate the greatest common divisor of 24 and c.
24
Suppose -4*o - 3*n = -72 - 117, -5*o + 5*n + 245 = 0. Let k be -3 + 7/(35/(-20)) + 3. Let f be k/(5/(-37 - 3)). What is the highest common divisor of f and o?
16
Let t = -1353 - -1409. Suppose 2*n = 3*n + 67. Let k = n + 109. Calculate the greatest common divisor of k and t.
14
Let g(w) = 11*w**2 - 5*w. Let z(m) = -12*m**2 + 4*m. Let u(k) = -3*g(k) - 4*z(k). Let y be u(3). Calculate the greatest common factor of 4 and y.
4
Let a be (134/335 - 73/(-5))*(709 - 0). What is the highest common divisor of 30 and a?
15
Suppose 9*m + 8*m - 340 = 0. Let k(u) = 2*u**3 + u**2 + 5*u + 5. Let o be k(-3). Let t = o + 65. What is the highest common divisor of m and t?
10
Suppose 2*a = 4*a - 24. Suppose 77 = 5*g - 3*w, -3*w = 3*g - 2*w - 49. What is the greatest common divisor of a and g?
4
Let y be 254 - 9/((-36)/8). Suppose 37*s = 916 + 268. What is the highest common factor of s and y?
32
Let d = 10725 - 10700. What is the highest common divisor of d and 2435?
5
Let q(y) = -61*y - 106. Let d be q(-5). Let f = d + -160. Calculate the highest common divisor of f and 3.
3
Let a(p) = 6*p - 50. Let g(h) = -19*h + 152. Let o(c) = 8*a(c) + 3*g(c). Let z be o(-11). Calculate the greatest common factor of z and 5.
5
Let o(r) = 4*r - 26. Let p be o(8). Let q be (-466)/6 - 10/(-15). Let f = -29 - q. Calculate the highest common divisor of f and p.
6
Let b be (-1 + 0)/(1/79). Let j = b + 119. Let w be ((-123)/(-287)